{"id":782,"date":"2023-12-02T17:10:47","date_gmt":"2023-12-02T16:10:47","guid":{"rendered":"https:\/\/gracecollection.pl\/?post_type=product&#038;p=782"},"modified":"2023-12-04T12:31:31","modified_gmt":"2023-12-04T11:31:31","slug":"miriam-b","status":"publish","type":"product","link":"https:\/\/gracecollection.pl\/?product=miriam-b","title":{"rendered":"MIRIAM \u2013 B"},"content":{"rendered":"","protected":false},"excerpt":{"rendered":"<p>Torebka sk\u00f3rzana bardzo mi\u0119kka i plastyczna, mo\u017cna j\u0105 nosi\u0107 w formie d\u0142u\u017cszego, roz\u0142o\u017conego i pojemnego prostok\u0105ta lub, po z\u0142o\u017ceniu na p\u00f3\u0142 \u2013 jako kopert\u00f3wk\u0119. Sportowo \u2013 casualowy styl pasuj\u0105cy do fashion street oraz jako dodatek wieczorowy.<\/p>\n<p>JEDYNY EGZEPLARZ<\/p>\n","protected":false},"featured_media":783,"comment_status":"open","ping_status":"closed","template":"","meta":[],"product_cat":[34],"product_tag":[],"class_list":{"0":"post-782","1":"product","2":"type-product","3":"status-publish","4":"has-post-thumbnail","6":"product_cat-torebki","8":"first","9":"instock","10":"shipping-taxable","11":"purchasable","12":"product-type-simple"},"_links":{"self":[{"href":"https:\/\/gracecollection.pl\/index.php?rest_route=\/wp\/v2\/product\/782","targetHints":{"allow":["GET"]}}],"collection":[{"href":"https:\/\/gracecollection.pl\/index.php?rest_route=\/wp\/v2\/product"}],"about":[{"href":"https:\/\/gracecollection.pl\/index.php?rest_route=\/wp\/v2\/types\/product"}],"replies":[{"embeddable":true,"href":"https:\/\/gracecollection.pl\/index.php?rest_route=%2Fwp%2Fv2%2Fcomments&post=782"}],"wp:featuredmedia":[{"embeddable":true,"href":"https:\/\/gracecollection.pl\/index.php?rest_route=\/wp\/v2\/media\/783"}],"wp:attachment":[{"href":"https:\/\/gracecollection.pl\/index.php?rest_route=%2Fwp%2Fv2%2Fmedia&parent=782"}],"wp:term":[{"taxonomy":"product_cat","embeddable":true,"href":"https:\/\/gracecollection.pl\/index.php?rest_route=%2Fwp%2Fv2%2Fproduct_cat&post=782"},{"taxonomy":"product_tag","embeddable":true,"href":"https:\/\/gracecollection.pl\/index.php?rest_route=%2Fwp%2Fv2%2Fproduct_tag&post=782"}],"curies":[{"name":"wp","href":"https:\/\/api.w.org\/{rel}","templated":true}]}}