{"id":710,"date":"2023-12-01T14:17:51","date_gmt":"2023-12-01T13:17:51","guid":{"rendered":"https:\/\/gracecollection.pl\/?post_type=product&#038;p=710"},"modified":"2023-12-04T12:47:04","modified_gmt":"2023-12-04T11:47:04","slug":"elisa-a","status":"publish","type":"product","link":"https:\/\/gracecollection.pl\/?product=elisa-a","title":{"rendered":"ELISA \u2013 A"},"content":{"rendered":"","protected":false},"excerpt":{"rendered":"<p>Torebka futrzana \u0142\u0105czona ze sk\u00f3r\u0105 naturaln\u0105, szerokie dno, pojemne wn\u0119trze z dodatkowym wk\u0142adem na zamek i kieszonkami. Niebanalny i wyrafinowany<span class=\"Apple-converted-space\">\u00a0 <\/span>dodatek do ubra\u0144 jesienno \u2013 zimowych.<\/p>\n<p>JEDYNY EGZEPLARZ<\/p>\n","protected":false},"featured_media":711,"comment_status":"open","ping_status":"closed","template":"","meta":[],"product_cat":[34],"product_tag":[],"class_list":{"0":"post-710","1":"product","2":"type-product","3":"status-publish","4":"has-post-thumbnail","6":"product_cat-torebki","8":"first","9":"instock","10":"shipping-taxable","11":"purchasable","12":"product-type-simple"},"_links":{"self":[{"href":"https:\/\/gracecollection.pl\/index.php?rest_route=\/wp\/v2\/product\/710","targetHints":{"allow":["GET"]}}],"collection":[{"href":"https:\/\/gracecollection.pl\/index.php?rest_route=\/wp\/v2\/product"}],"about":[{"href":"https:\/\/gracecollection.pl\/index.php?rest_route=\/wp\/v2\/types\/product"}],"replies":[{"embeddable":true,"href":"https:\/\/gracecollection.pl\/index.php?rest_route=%2Fwp%2Fv2%2Fcomments&post=710"}],"wp:featuredmedia":[{"embeddable":true,"href":"https:\/\/gracecollection.pl\/index.php?rest_route=\/wp\/v2\/media\/711"}],"wp:attachment":[{"href":"https:\/\/gracecollection.pl\/index.php?rest_route=%2Fwp%2Fv2%2Fmedia&parent=710"}],"wp:term":[{"taxonomy":"product_cat","embeddable":true,"href":"https:\/\/gracecollection.pl\/index.php?rest_route=%2Fwp%2Fv2%2Fproduct_cat&post=710"},{"taxonomy":"product_tag","embeddable":true,"href":"https:\/\/gracecollection.pl\/index.php?rest_route=%2Fwp%2Fv2%2Fproduct_tag&post=710"}],"curies":[{"name":"wp","href":"https:\/\/api.w.org\/{rel}","templated":true}]}}