{"id":1063,"date":"2025-10-14T15:29:29","date_gmt":"2025-10-14T13:29:29","guid":{"rendered":"https:\/\/gracecollection.pl\/?post_type=product&#038;p=1063"},"modified":"2025-10-14T20:14:02","modified_gmt":"2025-10-14T18:14:02","slug":"zakiet-ze-skory-welurowej","status":"publish","type":"product","link":"https:\/\/gracecollection.pl\/?product=zakiet-ze-skory-welurowej","title":{"rendered":"\u017bakiet ze sk\u00f3ry welurowej"},"content":{"rendered":"<p>&nbsp;<\/p>\n<p>&nbsp;<\/p>\n<p>&nbsp;<\/p>\n","protected":false},"excerpt":{"rendered":"<p>\u017bakiet ze sk\u00f3ry welurowej zapinany na delikatne kryte zatrzaski, kolor granatowy. Prosty, klasyczny, lu\u017any kr\u00f3j do noszenia jako \u017cakiet lub rozpi\u0119ty &#8211; na bluzki, golfy, topy, do noszenia ze spodniami, sp\u00f3dnic\u0105 lub jako \u017cakiet do sukienek.<\/p>\n<p>realizacja zam\u00f3wienia &#8211; dwa tygodnie od wp\u0142aty 50% zaliczki.<br \/>\nMo\u017cliwo\u015b\u0107 wyboru innych kolor\u00f3w.<\/p>\n<p>cena 490 z\u0142<\/p>\n","protected":false},"featured_media":1064,"comment_status":"open","ping_status":"closed","template":"","meta":[],"product_cat":[37],"product_tag":[],"class_list":{"0":"post-1063","1":"product","2":"type-product","3":"status-publish","4":"has-post-thumbnail","6":"product_cat-hity-nowosci","8":"first","9":"instock","10":"shipping-taxable","11":"product-type-simple"},"_links":{"self":[{"href":"https:\/\/gracecollection.pl\/index.php?rest_route=\/wp\/v2\/product\/1063","targetHints":{"allow":["GET"]}}],"collection":[{"href":"https:\/\/gracecollection.pl\/index.php?rest_route=\/wp\/v2\/product"}],"about":[{"href":"https:\/\/gracecollection.pl\/index.php?rest_route=\/wp\/v2\/types\/product"}],"replies":[{"embeddable":true,"href":"https:\/\/gracecollection.pl\/index.php?rest_route=%2Fwp%2Fv2%2Fcomments&post=1063"}],"wp:featuredmedia":[{"embeddable":true,"href":"https:\/\/gracecollection.pl\/index.php?rest_route=\/wp\/v2\/media\/1064"}],"wp:attachment":[{"href":"https:\/\/gracecollection.pl\/index.php?rest_route=%2Fwp%2Fv2%2Fmedia&parent=1063"}],"wp:term":[{"taxonomy":"product_cat","embeddable":true,"href":"https:\/\/gracecollection.pl\/index.php?rest_route=%2Fwp%2Fv2%2Fproduct_cat&post=1063"},{"taxonomy":"product_tag","embeddable":true,"href":"https:\/\/gracecollection.pl\/index.php?rest_route=%2Fwp%2Fv2%2Fproduct_tag&post=1063"}],"curies":[{"name":"wp","href":"https:\/\/api.w.org\/{rel}","templated":true}]}}