{"id":1035,"date":"2023-12-11T18:51:07","date_gmt":"2023-12-11T17:51:07","guid":{"rendered":"https:\/\/gracecollection.pl\/?post_type=product&#038;p=1035"},"modified":"2023-12-11T18:51:28","modified_gmt":"2023-12-11T17:51:28","slug":"spodnica-skorzana-trapezowa-5","status":"publish","type":"product","link":"https:\/\/gracecollection.pl\/?product=spodnica-skorzana-trapezowa-5","title":{"rendered":"SP\u00d3DNICA SK\u00d3RZANA TRAPEZOWA"},"content":{"rendered":"","protected":false},"excerpt":{"rendered":"<p>Sp\u00f3dnica midi trapezowa, z naturalnej skory licowej z t\u0142oczonym wzorem zwierz\u0119cym, w po\u0142yskliwym<span class=\"Apple-converted-space\">\u00a0 <\/span>kolorze miedzianym. Wysoki stan, dopasowany kr\u00f3j podkre\u015blaj\u0105cy tali\u0119, d\u00f3\u0142<span class=\"Apple-converted-space\">\u00a0 <\/span>rozkloszowany, sk\u00f3ra ci\u0119ta w d\u0142ugie, w\u0105skie prostok\u0105ty, imituj\u0105ce fa\u0142y,<span class=\"Apple-converted-space\">\u00a0<\/span>naszywane na delikatn\u0105 siateczk\u0119 koronkow\u0105 z kolorze czarnym, tworz\u0105c\u0105 seksowny prze\u015bwit mi\u0119dzy naszytymi paskami sk\u00f3ry.\u00a0Sp\u00f3dnica mo\u017ce by\u0107 wykonana w wielu wybranych przez zamawiaj\u0105c\u0105 kolorach.<span class=\"Apple-converted-space\">\u00a0<\/span><\/p>\n<p>ROZMIAR: M (JEDYNY EGZEMPLARZ)<\/p>\n<table width=\"487\">\n<tbody>\n<tr>\n<td><\/td>\n<td>XS<\/td>\n<td>S<\/td>\n<td>M<\/td>\n<td>L<\/td>\n<td>XL<\/td>\n<td>XXL<\/td>\n<\/tr>\n<tr>\n<td>biust<\/td>\n<td>86<\/td>\n<td>90<\/td>\n<td>94<\/td>\n<td>98<\/td>\n<td>102<\/td>\n<td>106<\/td>\n<\/tr>\n<tr>\n<td>talia<\/td>\n<td>68<\/td>\n<td>72<\/td>\n<td>76<\/td>\n<td>80<\/td>\n<td>84<\/td>\n<td>88<\/td>\n<\/tr>\n<tr>\n<td>biodra<\/td>\n<td>92<\/td>\n<td>96<\/td>\n<td>100<\/td>\n<td>104<\/td>\n<td>108<\/td>\n<td>112<\/td>\n<\/tr>\n<\/tbody>\n<\/table>\n<p>&nbsp;<\/p>\n","protected":false},"featured_media":1037,"comment_status":"open","ping_status":"closed","template":"","meta":[],"product_cat":[37],"product_tag":[],"class_list":{"0":"post-1035","1":"product","2":"type-product","3":"status-publish","4":"has-post-thumbnail","6":"product_cat-hity-nowosci","8":"first","9":"instock","10":"shipping-taxable","11":"purchasable","12":"product-type-variable"},"_links":{"self":[{"href":"https:\/\/gracecollection.pl\/index.php?rest_route=\/wp\/v2\/product\/1035","targetHints":{"allow":["GET"]}}],"collection":[{"href":"https:\/\/gracecollection.pl\/index.php?rest_route=\/wp\/v2\/product"}],"about":[{"href":"https:\/\/gracecollection.pl\/index.php?rest_route=\/wp\/v2\/types\/product"}],"replies":[{"embeddable":true,"href":"https:\/\/gracecollection.pl\/index.php?rest_route=%2Fwp%2Fv2%2Fcomments&post=1035"}],"wp:featuredmedia":[{"embeddable":true,"href":"https:\/\/gracecollection.pl\/index.php?rest_route=\/wp\/v2\/media\/1037"}],"wp:attachment":[{"href":"https:\/\/gracecollection.pl\/index.php?rest_route=%2Fwp%2Fv2%2Fmedia&parent=1035"}],"wp:term":[{"taxonomy":"product_cat","embeddable":true,"href":"https:\/\/gracecollection.pl\/index.php?rest_route=%2Fwp%2Fv2%2Fproduct_cat&post=1035"},{"taxonomy":"product_tag","embeddable":true,"href":"https:\/\/gracecollection.pl\/index.php?rest_route=%2Fwp%2Fv2%2Fproduct_tag&post=1035"}],"curies":[{"name":"wp","href":"https:\/\/api.w.org\/{rel}","templated":true}]}}